{"id":41,"date":"2023-03-28T18:25:14","date_gmt":"2023-03-28T18:25:14","guid":{"rendered":"https:\/\/kindertagespflege-strolche.de\/?page_id=41"},"modified":"2023-03-30T19:09:36","modified_gmt":"2023-03-30T19:09:36","slug":"raeumlichkeiten","status":"publish","type":"page","link":"https:\/\/kindertagespflege-strolche.de\/index.php\/raeumlichkeiten\/","title":{"rendered":"R\u00e4umlichkeiten"},"content":{"rendered":"\n<p>Meine neuen R\u00e4umlichkeiten befinden sich in der Papitzer Stra\u00dfe 88 in 04435 Schkeuditz, welche wir in aufwendiger und liebevoller Arbeit hergerichtet haben. Vor allem mein Mann hat es zu einer wirklichen Kinderoase werden lassen. Zur kindgerechten Ausstattung geh\u00f6ren ein gem\u00fctliches Spielzimmer mit separatem Essbereich, ein Schlafraum, ein Bad mit Dusche, ein langer Flur, sowie ein Garten. S\u00e4mtliche vorbeugende Ma\u00dfnahmen bez\u00fcglich des Arbeits- und Gesundheitsschutzes wurden vorgenommen.<\/p>\n\n\n\n<h2 class=\"wp-block-heading\">Spielzimmer<\/h2>\n\n\n\n<p>Im Spielzimmer sind Kisten mit vielen interessanten Spielsachen, die regelm\u00e4\u00dfig ausgewechselt werden. Unterschiedliche Arbeitsmaterialien wie B\u00fccher, Steckspiele, Puzzle und Instrumente sind f\u00fcr die Kinder jederzeit in einem offenen Regal griffbereit. Au\u00dferdem gibt es Autos, eine Werkbank, die sehr beliebt ist, sowie Puppen und vieles mehr. Somit wird jedem Kind erm\u00f6glicht, selbst auszusuchen, womit es spielen m\u00f6chte. Auch f\u00fcr die Kleinsten ist altersentsprechendes Spielzeug vorhanden. Eine neue Kuschelecke mit Kissen und Kuscheltieren l\u00e4dt zum L\u00fcmmeln ein. Auch k\u00f6nnen sich die Kinder in der neuen H\u00f6hle zur\u00fcck ziehen und ausruhen. Gen\u00fcgend Bastelmaterial, sowie Knete und Malsachen, aber auch altersgerechte Spiele werden gerne, vor allem von den Gr\u00f6\u00dferen, in Anspruch genommen.<\/p>\n\n\n\n<figure class=\"wp-block-gallery has-nested-images columns-default is-cropped wp-block-gallery-1 is-layout-flex wp-block-gallery-is-layout-flex\">\n<figure class=\"wp-block-image size-large\"><img loading=\"lazy\" decoding=\"async\" width=\"1024\" height=\"768\" data-id=\"128\" src=\"https:\/\/kindertagespflege-strolche.de\/wp-content\/uploads\/2023\/03\/IMG_20200414_083650-1-1024x768.jpg\" alt=\"\" class=\"wp-image-128\" srcset=\"https:\/\/kindertagespflege-strolche.de\/wp-content\/uploads\/2023\/03\/IMG_20200414_083650-1-1024x768.jpg 1024w, https:\/\/kindertagespflege-strolche.de\/wp-content\/uploads\/2023\/03\/IMG_20200414_083650-1-300x225.jpg 300w, https:\/\/kindertagespflege-strolche.de\/wp-content\/uploads\/2023\/03\/IMG_20200414_083650-1-768x576.jpg 768w, https:\/\/kindertagespflege-strolche.de\/wp-content\/uploads\/2023\/03\/IMG_20200414_083650-1-1536x1152.jpg 1536w, https:\/\/kindertagespflege-strolche.de\/wp-content\/uploads\/2023\/03\/IMG_20200414_083650-1-2048x1536.jpg 2048w\" sizes=\"auto, (max-width: 1024px) 100vw, 1024px\" \/><\/figure>\n\n\n\n<figure class=\"wp-block-image size-large\"><img loading=\"lazy\" decoding=\"async\" width=\"1024\" height=\"768\" data-id=\"117\" src=\"https:\/\/kindertagespflege-strolche.de\/wp-content\/uploads\/2023\/03\/IMG_20200414_083642-1024x768.jpg\" alt=\"\" class=\"wp-image-117\" srcset=\"https:\/\/kindertagespflege-strolche.de\/wp-content\/uploads\/2023\/03\/IMG_20200414_083642-1024x768.jpg 1024w, https:\/\/kindertagespflege-strolche.de\/wp-content\/uploads\/2023\/03\/IMG_20200414_083642-300x225.jpg 300w, https:\/\/kindertagespflege-strolche.de\/wp-content\/uploads\/2023\/03\/IMG_20200414_083642-768x576.jpg 768w, https:\/\/kindertagespflege-strolche.de\/wp-content\/uploads\/2023\/03\/IMG_20200414_083642-1536x1152.jpg 1536w, https:\/\/kindertagespflege-strolche.de\/wp-content\/uploads\/2023\/03\/IMG_20200414_083642-2048x1536.jpg 2048w\" sizes=\"auto, (max-width: 1024px) 100vw, 1024px\" \/><\/figure>\n\n\n\n<figure class=\"wp-block-image size-large\"><img loading=\"lazy\" decoding=\"async\" width=\"768\" height=\"1024\" data-id=\"114\" src=\"https:\/\/kindertagespflege-strolche.de\/wp-content\/uploads\/2023\/03\/IMG_20200414_083709-768x1024.jpg\" alt=\"\" class=\"wp-image-114\" srcset=\"https:\/\/kindertagespflege-strolche.de\/wp-content\/uploads\/2023\/03\/IMG_20200414_083709-768x1024.jpg 768w, https:\/\/kindertagespflege-strolche.de\/wp-content\/uploads\/2023\/03\/IMG_20200414_083709-225x300.jpg 225w, https:\/\/kindertagespflege-strolche.de\/wp-content\/uploads\/2023\/03\/IMG_20200414_083709-1152x1536.jpg 1152w, https:\/\/kindertagespflege-strolche.de\/wp-content\/uploads\/2023\/03\/IMG_20200414_083709-1536x2048.jpg 1536w, https:\/\/kindertagespflege-strolche.de\/wp-content\/uploads\/2023\/03\/IMG_20200414_083709-scaled.jpg 1920w\" sizes=\"auto, (max-width: 768px) 100vw, 768px\" \/><\/figure>\n<\/figure>\n\n\n\n<h2 class=\"wp-block-heading\">Essbereich<\/h2>\n\n\n\n<p>Im Essbereich befindet sich ein K\u00fchlschrank zum Aufbewahren schnell verderblicher Sachen. Es ist gen\u00fcgend Platz f\u00fcr Geschirr und andere K\u00fcchenutensilien. Es gibt einen K\u00fcchentisch mit 5 Hochst\u00fchlen und einem Stuhl f\u00fcr die Tagesmutti. Die Kinder werden \u00fcberall mit einbezogen. Jeder bringt seine Brotdose und\/oder Trinkflasche mit. Es macht Ihnen Spa\u00df beim Tischdecken zu helfen und sie finden Freude am Essen. F\u00fcr Fr\u00fchst\u00fcck und Vesper geben die Eltern ihrem Kind bitte abwechslungsreiche Mischkost mit. Ich freue mich \u00fcber die Mitwirkung der Eltern an der&nbsp; Umsetzung einer gesunden Ern\u00e4hrung.<\/p>\n\n\n\n<figure class=\"wp-block-image size-large\"><img loading=\"lazy\" decoding=\"async\" width=\"1024\" height=\"768\" src=\"https:\/\/kindertagespflege-strolche.de\/wp-content\/uploads\/2023\/03\/IMG_20200414_083657-1024x768.jpg\" alt=\"\" class=\"wp-image-115\" srcset=\"https:\/\/kindertagespflege-strolche.de\/wp-content\/uploads\/2023\/03\/IMG_20200414_083657-1024x768.jpg 1024w, https:\/\/kindertagespflege-strolche.de\/wp-content\/uploads\/2023\/03\/IMG_20200414_083657-300x225.jpg 300w, https:\/\/kindertagespflege-strolche.de\/wp-content\/uploads\/2023\/03\/IMG_20200414_083657-768x576.jpg 768w, https:\/\/kindertagespflege-strolche.de\/wp-content\/uploads\/2023\/03\/IMG_20200414_083657-1536x1152.jpg 1536w, https:\/\/kindertagespflege-strolche.de\/wp-content\/uploads\/2023\/03\/IMG_20200414_083657-2048x1536.jpg 2048w\" sizes=\"auto, (max-width: 1024px) 100vw, 1024px\" \/><\/figure>\n\n\n\n<h2 class=\"wp-block-heading\">Schlafraum<\/h2>\n\n\n\n<p>Im Schlafraum gibt es einen wundersch\u00f6nen, gro\u00dfen Wandschrank, in dem alle Schlaf- und Wechselsachen der Kinder Platz finden. Au\u00dferdem stehen 5 Betten zum Ausruhen und Schlafen bereit. Durch die warme Farbe und dem Verdunklungsrollo ist eine beruhigende Atmosph\u00e4re entstanden.<\/p>\n\n\n\n<figure class=\"wp-block-image size-large\"><img loading=\"lazy\" decoding=\"async\" width=\"768\" height=\"1024\" src=\"https:\/\/kindertagespflege-strolche.de\/wp-content\/uploads\/2023\/03\/IMG_20200414_083726-768x1024.jpg\" alt=\"\" class=\"wp-image-113\" srcset=\"https:\/\/kindertagespflege-strolche.de\/wp-content\/uploads\/2023\/03\/IMG_20200414_083726-768x1024.jpg 768w, https:\/\/kindertagespflege-strolche.de\/wp-content\/uploads\/2023\/03\/IMG_20200414_083726-225x300.jpg 225w, https:\/\/kindertagespflege-strolche.de\/wp-content\/uploads\/2023\/03\/IMG_20200414_083726-1152x1536.jpg 1152w, https:\/\/kindertagespflege-strolche.de\/wp-content\/uploads\/2023\/03\/IMG_20200414_083726-1536x2048.jpg 1536w, https:\/\/kindertagespflege-strolche.de\/wp-content\/uploads\/2023\/03\/IMG_20200414_083726-scaled.jpg 1920w\" sizes=\"auto, (max-width: 768px) 100vw, 768px\" \/><\/figure>\n\n\n\n<h2 class=\"wp-block-heading\">Bad<\/h2>\n\n\n\n<p>Im Badezimmer stehen f\u00fcr die Kleinsten T\u00f6pfchen und f\u00fcr die Gr\u00f6\u00dferen ein entsprechender Toilettensitz f\u00fcr die Sauberkeitserziehung bereit. Eine sichere, genormte Wickelkommode zum Wickeln und Umziehen ist vorhanden. Es gibt eine Dusche und ein Waschbecken zum S\u00e4ubern von kleinem und gro\u00dfem Schmutz. F\u00fcr die Zahnhygiene gibt es f\u00fcr jedes Kind einen Zahnputzbecher und eine Zahnb\u00fcrste, die von den Eltern mitgebracht und regelm\u00e4\u00dfig ausgewechselt wird. Es h\u00e4ngt f\u00fcr jedes Kind ein Handtuch bereit. Die \u00e4lteren Kinder waschen ihre H\u00e4nde selbstst\u00e4ndig am Waschtisch, in dem sie auf kindersicheren Hockern stehen. Nach der Toilette und vor dem Essen werden die H\u00e4nde gr\u00fcndlich mit Seife gewaschen.<\/p>\n\n\n\n<p>F\u00fcr die medizinische erste Hilfe steht eine Notfallapotheke zur Verf\u00fcgung. F\u00fcr jedes Kind liegt eine Vollmacht zum Fieber messen und jeweiligem Vorgehen vor.<\/p>\n\n\n\n<figure class=\"wp-block-gallery has-nested-images columns-default is-cropped wp-block-gallery-2 is-layout-flex wp-block-gallery-is-layout-flex\">\n<figure class=\"wp-block-image size-large\"><img loading=\"lazy\" decoding=\"async\" width=\"768\" height=\"1024\" data-id=\"130\" src=\"https:\/\/kindertagespflege-strolche.de\/wp-content\/uploads\/2023\/03\/IMG_20200413_170434-1-768x1024.jpg\" alt=\"\" class=\"wp-image-130\" srcset=\"https:\/\/kindertagespflege-strolche.de\/wp-content\/uploads\/2023\/03\/IMG_20200413_170434-1-768x1024.jpg 768w, https:\/\/kindertagespflege-strolche.de\/wp-content\/uploads\/2023\/03\/IMG_20200413_170434-1-225x300.jpg 225w, https:\/\/kindertagespflege-strolche.de\/wp-content\/uploads\/2023\/03\/IMG_20200413_170434-1-1152x1536.jpg 1152w, https:\/\/kindertagespflege-strolche.de\/wp-content\/uploads\/2023\/03\/IMG_20200413_170434-1-1536x2048.jpg 1536w, https:\/\/kindertagespflege-strolche.de\/wp-content\/uploads\/2023\/03\/IMG_20200413_170434-1-scaled.jpg 1920w\" sizes=\"auto, (max-width: 768px) 100vw, 768px\" \/><\/figure>\n\n\n\n<figure class=\"wp-block-image size-large\"><img loading=\"lazy\" decoding=\"async\" width=\"768\" height=\"1024\" data-id=\"111\" src=\"https:\/\/kindertagespflege-strolche.de\/wp-content\/uploads\/2023\/03\/IMG_20200414_083933-768x1024.jpg\" alt=\"\" class=\"wp-image-111\" srcset=\"https:\/\/kindertagespflege-strolche.de\/wp-content\/uploads\/2023\/03\/IMG_20200414_083933-768x1024.jpg 768w, https:\/\/kindertagespflege-strolche.de\/wp-content\/uploads\/2023\/03\/IMG_20200414_083933-225x300.jpg 225w, https:\/\/kindertagespflege-strolche.de\/wp-content\/uploads\/2023\/03\/IMG_20200414_083933-scaled.jpg 1920w\" sizes=\"auto, (max-width: 768px) 100vw, 768px\" \/><\/figure>\n\n\n\n<figure class=\"wp-block-image size-large\"><img loading=\"lazy\" decoding=\"async\" width=\"1024\" height=\"768\" data-id=\"121\" src=\"https:\/\/kindertagespflege-strolche.de\/wp-content\/uploads\/2023\/03\/IMG_20200413_170444-1024x768.jpg\" alt=\"\" class=\"wp-image-121\" srcset=\"https:\/\/kindertagespflege-strolche.de\/wp-content\/uploads\/2023\/03\/IMG_20200413_170444-1024x768.jpg 1024w, https:\/\/kindertagespflege-strolche.de\/wp-content\/uploads\/2023\/03\/IMG_20200413_170444-300x225.jpg 300w, https:\/\/kindertagespflege-strolche.de\/wp-content\/uploads\/2023\/03\/IMG_20200413_170444-768x576.jpg 768w, https:\/\/kindertagespflege-strolche.de\/wp-content\/uploads\/2023\/03\/IMG_20200413_170444-1536x1152.jpg 1536w, https:\/\/kindertagespflege-strolche.de\/wp-content\/uploads\/2023\/03\/IMG_20200413_170444-2048x1536.jpg 2048w\" sizes=\"auto, (max-width: 1024px) 100vw, 1024px\" \/><\/figure>\n<\/figure>\n\n\n\n<h2 class=\"wp-block-heading\">Flur<\/h2>\n\n\n\n<p>Der Flur ist ein l\u00e4ngerer Gang, in dem man auch mit dem Rutscherauto, dem Puky und auch dem Puppenwagen fahren kann. Es gibt auch eine tolle Memorywand. An dieser kann man den Essens-, Urlaubsplan und Neuigkeiten erlesen. Es ist auch gen\u00fcgend Platz f\u00fcr selbst Gebasteltes oder Gemaltes. Au\u00dferdem h\u00e4ngen der Plan \u201cVerhalten im Notfall\u201c und die \u201eBrandschutzordnung\u201c aus. Die Rauchmelder sind angebracht.<\/p>\n\n\n\n<figure class=\"wp-block-gallery has-nested-images columns-default is-cropped wp-block-gallery-3 is-layout-flex wp-block-gallery-is-layout-flex\">\n<figure class=\"wp-block-image size-large\"><img loading=\"lazy\" decoding=\"async\" width=\"768\" height=\"1024\" data-id=\"127\" src=\"https:\/\/kindertagespflege-strolche.de\/wp-content\/uploads\/2023\/03\/IMG_20200413_170120-768x1024.jpg\" alt=\"\" class=\"wp-image-127\" srcset=\"https:\/\/kindertagespflege-strolche.de\/wp-content\/uploads\/2023\/03\/IMG_20200413_170120-768x1024.jpg 768w, https:\/\/kindertagespflege-strolche.de\/wp-content\/uploads\/2023\/03\/IMG_20200413_170120-225x300.jpg 225w, https:\/\/kindertagespflege-strolche.de\/wp-content\/uploads\/2023\/03\/IMG_20200413_170120-1152x1536.jpg 1152w, https:\/\/kindertagespflege-strolche.de\/wp-content\/uploads\/2023\/03\/IMG_20200413_170120-1536x2048.jpg 1536w, https:\/\/kindertagespflege-strolche.de\/wp-content\/uploads\/2023\/03\/IMG_20200413_170120-scaled.jpg 1920w\" sizes=\"auto, (max-width: 768px) 100vw, 768px\" \/><\/figure>\n\n\n\n<figure class=\"wp-block-image size-large\"><img loading=\"lazy\" decoding=\"async\" width=\"768\" height=\"1024\" data-id=\"124\" src=\"https:\/\/kindertagespflege-strolche.de\/wp-content\/uploads\/2023\/03\/IMG_20200413_170253-768x1024.jpg\" alt=\"\" class=\"wp-image-124\" srcset=\"https:\/\/kindertagespflege-strolche.de\/wp-content\/uploads\/2023\/03\/IMG_20200413_170253-768x1024.jpg 768w, https:\/\/kindertagespflege-strolche.de\/wp-content\/uploads\/2023\/03\/IMG_20200413_170253-225x300.jpg 225w, https:\/\/kindertagespflege-strolche.de\/wp-content\/uploads\/2023\/03\/IMG_20200413_170253-1152x1536.jpg 1152w, https:\/\/kindertagespflege-strolche.de\/wp-content\/uploads\/2023\/03\/IMG_20200413_170253-1536x2048.jpg 1536w, https:\/\/kindertagespflege-strolche.de\/wp-content\/uploads\/2023\/03\/IMG_20200413_170253-scaled.jpg 1920w\" sizes=\"auto, (max-width: 768px) 100vw, 768px\" \/><\/figure>\n\n\n\n<figure class=\"wp-block-image size-large\"><img loading=\"lazy\" decoding=\"async\" width=\"1024\" height=\"768\" data-id=\"118\" src=\"https:\/\/kindertagespflege-strolche.de\/wp-content\/uploads\/2023\/03\/IMG_20200414_083000-1024x768.jpg\" alt=\"\" class=\"wp-image-118\" srcset=\"https:\/\/kindertagespflege-strolche.de\/wp-content\/uploads\/2023\/03\/IMG_20200414_083000-1024x768.jpg 1024w, https:\/\/kindertagespflege-strolche.de\/wp-content\/uploads\/2023\/03\/IMG_20200414_083000-300x225.jpg 300w, https:\/\/kindertagespflege-strolche.de\/wp-content\/uploads\/2023\/03\/IMG_20200414_083000-768x576.jpg 768w, https:\/\/kindertagespflege-strolche.de\/wp-content\/uploads\/2023\/03\/IMG_20200414_083000-1536x1152.jpg 1536w, https:\/\/kindertagespflege-strolche.de\/wp-content\/uploads\/2023\/03\/IMG_20200414_083000-2048x1536.jpg 2048w\" sizes=\"auto, (max-width: 1024px) 100vw, 1024px\" \/><\/figure>\n<\/figure>\n\n\n\n<h2 class=\"wp-block-heading\">Garten<\/h2>\n\n\n\n<p>Unser Garten ist eingez\u00e4unt und es stehen Spielger\u00e4te bereit, wie eine Schaukel, Bobbycars, Rutsche, B\u00e4lle und anderes Bewegungsspielzeug. Wir sind bei jedem Wetter drau\u00dfen, gehen spazieren, spielen im Sand und im Sommer planschen wir im aufblasbaren Schwimmbecken. Es gibt&nbsp; eine Sitzecke, die im Sommer mit einem Sonnenschirm gesch\u00fctzt wird. Au\u00dferdem befindet sich nicht weit vom Grundst\u00fcck ein klein kindgerechter Spielplatz.<\/p>\n\n\n\n<figure class=\"wp-block-image size-large\"><img loading=\"lazy\" decoding=\"async\" width=\"768\" height=\"1024\" src=\"https:\/\/kindertagespflege-strolche.de\/wp-content\/uploads\/2023\/03\/IMG_20200414_181036-768x1024.jpg\" alt=\"\" class=\"wp-image-109\" srcset=\"https:\/\/kindertagespflege-strolche.de\/wp-content\/uploads\/2023\/03\/IMG_20200414_181036-768x1024.jpg 768w, https:\/\/kindertagespflege-strolche.de\/wp-content\/uploads\/2023\/03\/IMG_20200414_181036-225x300.jpg 225w, https:\/\/kindertagespflege-strolche.de\/wp-content\/uploads\/2023\/03\/IMG_20200414_181036-1152x1536.jpg 1152w, https:\/\/kindertagespflege-strolche.de\/wp-content\/uploads\/2023\/03\/IMG_20200414_181036-1536x2048.jpg 1536w, https:\/\/kindertagespflege-strolche.de\/wp-content\/uploads\/2023\/03\/IMG_20200414_181036-scaled.jpg 1920w\" sizes=\"auto, (max-width: 768px) 100vw, 768px\" \/><\/figure>\n","protected":false},"excerpt":{"rendered":"<p>Meine neuen R\u00e4umlichkeiten befinden sich in der Papitzer Stra\u00dfe 88 in 04435 Schkeuditz, welche wir in aufwendiger und liebevoller Arbeit hergerichtet haben. Vor allem mein [&hellip;]<\/p>\n","protected":false},"author":1,"featured_media":112,"parent":0,"menu_order":0,"comment_status":"closed","ping_status":"closed","template":"","meta":{"footnotes":""},"class_list":["post-41","page","type-page","status-publish","has-post-thumbnail","hentry"],"yoast_head":"<!-- This site is optimized with the Yoast SEO plugin v27.5 - https:\/\/yoast.com\/product\/yoast-seo-wordpress\/ -->\n<title>R\u00e4umlichkeiten - Kindertagespflege &quot;Strolche&quot;<\/title>\n<meta name=\"robots\" content=\"index, follow, max-snippet:-1, max-image-preview:large, max-video-preview:-1\" \/>\n<link rel=\"canonical\" href=\"https:\/\/kindertagespflege-strolche.de\/index.php\/raeumlichkeiten\/\" \/>\n<meta property=\"og:locale\" content=\"de_DE\" \/>\n<meta property=\"og:type\" content=\"article\" \/>\n<meta property=\"og:title\" content=\"R\u00e4umlichkeiten - Kindertagespflege &quot;Strolche&quot;\" \/>\n<meta property=\"og:description\" content=\"Meine neuen R\u00e4umlichkeiten befinden sich in der Papitzer Stra\u00dfe 88 in 04435 Schkeuditz, welche wir in aufwendiger und liebevoller Arbeit hergerichtet haben. Vor allem mein [&hellip;]\" \/>\n<meta property=\"og:url\" content=\"https:\/\/kindertagespflege-strolche.de\/index.php\/raeumlichkeiten\/\" \/>\n<meta property=\"og:site_name\" content=\"Kindertagespflege &quot;Strolche&quot;\" \/>\n<meta property=\"article:modified_time\" content=\"2023-03-30T19:09:36+00:00\" \/>\n<meta property=\"og:image\" content=\"https:\/\/kindertagespflege-strolche.de\/wp-content\/uploads\/2023\/03\/IMG_20200414_083858-scaled.jpg\" \/>\n\t<meta property=\"og:image:width\" content=\"1920\" \/>\n\t<meta property=\"og:image:height\" content=\"2560\" \/>\n\t<meta property=\"og:image:type\" content=\"image\/jpeg\" \/>\n<meta name=\"twitter:card\" content=\"summary_large_image\" \/>\n<meta name=\"twitter:label1\" content=\"Gesch\u00e4tzte Lesezeit\" \/>\n\t<meta name=\"twitter:data1\" content=\"6\u00a0Minuten\" \/>\n<script type=\"application\/ld+json\" class=\"yoast-schema-graph\">{\"@context\":\"https:\\\/\\\/schema.org\",\"@graph\":[{\"@type\":\"WebPage\",\"@id\":\"https:\\\/\\\/kindertagespflege-strolche.de\\\/index.php\\\/raeumlichkeiten\\\/\",\"url\":\"https:\\\/\\\/kindertagespflege-strolche.de\\\/index.php\\\/raeumlichkeiten\\\/\",\"name\":\"R\u00e4umlichkeiten - Kindertagespflege &quot;Strolche&quot;\",\"isPartOf\":{\"@id\":\"https:\\\/\\\/kindertagespflege-strolche.de\\\/#website\"},\"primaryImageOfPage\":{\"@id\":\"https:\\\/\\\/kindertagespflege-strolche.de\\\/index.php\\\/raeumlichkeiten\\\/#primaryimage\"},\"image\":{\"@id\":\"https:\\\/\\\/kindertagespflege-strolche.de\\\/index.php\\\/raeumlichkeiten\\\/#primaryimage\"},\"thumbnailUrl\":\"https:\\\/\\\/kindertagespflege-strolche.de\\\/wp-content\\\/uploads\\\/2023\\\/03\\\/IMG_20200414_083858-scaled.jpg\",\"datePublished\":\"2023-03-28T18:25:14+00:00\",\"dateModified\":\"2023-03-30T19:09:36+00:00\",\"breadcrumb\":{\"@id\":\"https:\\\/\\\/kindertagespflege-strolche.de\\\/index.php\\\/raeumlichkeiten\\\/#breadcrumb\"},\"inLanguage\":\"de\",\"potentialAction\":[{\"@type\":\"ReadAction\",\"target\":[\"https:\\\/\\\/kindertagespflege-strolche.de\\\/index.php\\\/raeumlichkeiten\\\/\"]}]},{\"@type\":\"ImageObject\",\"inLanguage\":\"de\",\"@id\":\"https:\\\/\\\/kindertagespflege-strolche.de\\\/index.php\\\/raeumlichkeiten\\\/#primaryimage\",\"url\":\"https:\\\/\\\/kindertagespflege-strolche.de\\\/wp-content\\\/uploads\\\/2023\\\/03\\\/IMG_20200414_083858-scaled.jpg\",\"contentUrl\":\"https:\\\/\\\/kindertagespflege-strolche.de\\\/wp-content\\\/uploads\\\/2023\\\/03\\\/IMG_20200414_083858-scaled.jpg\",\"width\":1920,\"height\":2560},{\"@type\":\"BreadcrumbList\",\"@id\":\"https:\\\/\\\/kindertagespflege-strolche.de\\\/index.php\\\/raeumlichkeiten\\\/#breadcrumb\",\"itemListElement\":[{\"@type\":\"ListItem\",\"position\":1,\"name\":\"Startseite\",\"item\":\"https:\\\/\\\/kindertagespflege-strolche.de\\\/\"},{\"@type\":\"ListItem\",\"position\":2,\"name\":\"R\u00e4umlichkeiten\"}]},{\"@type\":\"WebSite\",\"@id\":\"https:\\\/\\\/kindertagespflege-strolche.de\\\/#website\",\"url\":\"https:\\\/\\\/kindertagespflege-strolche.de\\\/\",\"name\":\"Kindertagespflege &quot;Strolche&quot;\",\"description\":\"Sabine Gr\u00fcneberg | Papitzer Stra\u00dfe 88 | 04435 Schkeuditz\",\"potentialAction\":[{\"@type\":\"SearchAction\",\"target\":{\"@type\":\"EntryPoint\",\"urlTemplate\":\"https:\\\/\\\/kindertagespflege-strolche.de\\\/?s={search_term_string}\"},\"query-input\":{\"@type\":\"PropertyValueSpecification\",\"valueRequired\":true,\"valueName\":\"search_term_string\"}}],\"inLanguage\":\"de\"}]}<\/script>\n<!-- \/ Yoast SEO plugin. -->","yoast_head_json":{"title":"R\u00e4umlichkeiten - Kindertagespflege &quot;Strolche&quot;","robots":{"index":"index","follow":"follow","max-snippet":"max-snippet:-1","max-image-preview":"max-image-preview:large","max-video-preview":"max-video-preview:-1"},"canonical":"https:\/\/kindertagespflege-strolche.de\/index.php\/raeumlichkeiten\/","og_locale":"de_DE","og_type":"article","og_title":"R\u00e4umlichkeiten - Kindertagespflege &quot;Strolche&quot;","og_description":"Meine neuen R\u00e4umlichkeiten befinden sich in der Papitzer Stra\u00dfe 88 in 04435 Schkeuditz, welche wir in aufwendiger und liebevoller Arbeit hergerichtet haben. Vor allem mein [&hellip;]","og_url":"https:\/\/kindertagespflege-strolche.de\/index.php\/raeumlichkeiten\/","og_site_name":"Kindertagespflege &quot;Strolche&quot;","article_modified_time":"2023-03-30T19:09:36+00:00","og_image":[{"width":1920,"height":2560,"url":"https:\/\/kindertagespflege-strolche.de\/wp-content\/uploads\/2023\/03\/IMG_20200414_083858-scaled.jpg","type":"image\/jpeg"}],"twitter_card":"summary_large_image","twitter_misc":{"Gesch\u00e4tzte Lesezeit":"6\u00a0Minuten"},"schema":{"@context":"https:\/\/schema.org","@graph":[{"@type":"WebPage","@id":"https:\/\/kindertagespflege-strolche.de\/index.php\/raeumlichkeiten\/","url":"https:\/\/kindertagespflege-strolche.de\/index.php\/raeumlichkeiten\/","name":"R\u00e4umlichkeiten - Kindertagespflege &quot;Strolche&quot;","isPartOf":{"@id":"https:\/\/kindertagespflege-strolche.de\/#website"},"primaryImageOfPage":{"@id":"https:\/\/kindertagespflege-strolche.de\/index.php\/raeumlichkeiten\/#primaryimage"},"image":{"@id":"https:\/\/kindertagespflege-strolche.de\/index.php\/raeumlichkeiten\/#primaryimage"},"thumbnailUrl":"https:\/\/kindertagespflege-strolche.de\/wp-content\/uploads\/2023\/03\/IMG_20200414_083858-scaled.jpg","datePublished":"2023-03-28T18:25:14+00:00","dateModified":"2023-03-30T19:09:36+00:00","breadcrumb":{"@id":"https:\/\/kindertagespflege-strolche.de\/index.php\/raeumlichkeiten\/#breadcrumb"},"inLanguage":"de","potentialAction":[{"@type":"ReadAction","target":["https:\/\/kindertagespflege-strolche.de\/index.php\/raeumlichkeiten\/"]}]},{"@type":"ImageObject","inLanguage":"de","@id":"https:\/\/kindertagespflege-strolche.de\/index.php\/raeumlichkeiten\/#primaryimage","url":"https:\/\/kindertagespflege-strolche.de\/wp-content\/uploads\/2023\/03\/IMG_20200414_083858-scaled.jpg","contentUrl":"https:\/\/kindertagespflege-strolche.de\/wp-content\/uploads\/2023\/03\/IMG_20200414_083858-scaled.jpg","width":1920,"height":2560},{"@type":"BreadcrumbList","@id":"https:\/\/kindertagespflege-strolche.de\/index.php\/raeumlichkeiten\/#breadcrumb","itemListElement":[{"@type":"ListItem","position":1,"name":"Startseite","item":"https:\/\/kindertagespflege-strolche.de\/"},{"@type":"ListItem","position":2,"name":"R\u00e4umlichkeiten"}]},{"@type":"WebSite","@id":"https:\/\/kindertagespflege-strolche.de\/#website","url":"https:\/\/kindertagespflege-strolche.de\/","name":"Kindertagespflege &quot;Strolche&quot;","description":"Sabine Gr\u00fcneberg | Papitzer Stra\u00dfe 88 | 04435 Schkeuditz","potentialAction":[{"@type":"SearchAction","target":{"@type":"EntryPoint","urlTemplate":"https:\/\/kindertagespflege-strolche.de\/?s={search_term_string}"},"query-input":{"@type":"PropertyValueSpecification","valueRequired":true,"valueName":"search_term_string"}}],"inLanguage":"de"}]}},"jetpack_sharing_enabled":true,"_links":{"self":[{"href":"https:\/\/kindertagespflege-strolche.de\/index.php\/wp-json\/wp\/v2\/pages\/41","targetHints":{"allow":["GET"]}}],"collection":[{"href":"https:\/\/kindertagespflege-strolche.de\/index.php\/wp-json\/wp\/v2\/pages"}],"about":[{"href":"https:\/\/kindertagespflege-strolche.de\/index.php\/wp-json\/wp\/v2\/types\/page"}],"author":[{"embeddable":true,"href":"https:\/\/kindertagespflege-strolche.de\/index.php\/wp-json\/wp\/v2\/users\/1"}],"replies":[{"embeddable":true,"href":"https:\/\/kindertagespflege-strolche.de\/index.php\/wp-json\/wp\/v2\/comments?post=41"}],"version-history":[{"count":8,"href":"https:\/\/kindertagespflege-strolche.de\/index.php\/wp-json\/wp\/v2\/pages\/41\/revisions"}],"predecessor-version":[{"id":135,"href":"https:\/\/kindertagespflege-strolche.de\/index.php\/wp-json\/wp\/v2\/pages\/41\/revisions\/135"}],"wp:featuredmedia":[{"embeddable":true,"href":"https:\/\/kindertagespflege-strolche.de\/index.php\/wp-json\/wp\/v2\/media\/112"}],"wp:attachment":[{"href":"https:\/\/kindertagespflege-strolche.de\/index.php\/wp-json\/wp\/v2\/media?parent=41"}],"curies":[{"name":"wp","href":"https:\/\/api.w.org\/{rel}","templated":true}]}}